{"id":42,"date":"2022-10-04T20:25:22","date_gmt":"2022-10-04T20:25:22","guid":{"rendered":"https:\/\/przedszkole58.com.pl\/?page_id=42"},"modified":"2026-04-02T14:18:37","modified_gmt":"2026-04-02T14:18:37","slug":"informacja","status":"publish","type":"page","link":"https:\/\/przedszkole58.com.pl\/","title":{"rendered":"Strona G\u0142\u00f3wna"},"content":{"rendered":"[vc_row][vc_column][\/vc_column][\/vc_row][vc_row][vc_column css=&#8221;.vc_custom_1685722436025{background-color: #8cea20 !important;}&#8221;][vc_column_text]\r\n<h3 class=\"has-text-align-center\" style=\"text-align: center;\">Op\u0142aty 2025<br>Lista op\u0142at za miesi\u0105c marzec 2026r.<\/h3>\r\n<p style=\"text-align: center;\"><span style=\"background-color: #ffff00;\"><a style=\"background-color: #ffff00;\" href=\"https:\/\/przedszkole58.com.pl\/wp-content\/uploads\/2026\/04\/ODPLATNOSCI-MARZEC-.pdf\"><strong>odp\u0142atno\u015bci marzec 2026 POBIERZ<\/strong><\/a><\/span><\/p>\r\n[\/vc_column_text][\/vc_column][vc_column][vc_column_text]\r\n<p class=\"has-text-align-center has-large-font-size\">Nasza galeria<\/p>\r\n<div id=\"grid-gallery-13-81956\" data-gg-id=\"13\" data-title=\"Galeria Przedszkola\" data-grid-type=\"0\" data-offset=\"10.3\" data-area-position=\"center\" data-icons=\"\" data-preloader=\"true\" data-width=\"215\" data-height=\"215\" data-padding=\"0\" data-quicksand=\"disabled\" data-quicksand-duration=\"none\" data-popup-theme=\"theme_7\" data-popup-type=\"colorbox\" data-popup-fadeOut=\"300\" data-popup-image-text=\"data-description\" data-popup-widthsize=\"auto\" data-popup-heightsize=\"auto\" data-popup-i18n-words=\"{&quot;close&quot;:&quot;close&quot;,&quot;next&quot;:&quot;next&quot;,&quot;previous&quot;:&quot;previous&quot;,&quot;start_slideshow&quot;:&quot;start slideshow&quot;,&quot;stop_slideshow&quot;:&quot;stop slideshow&quot;,&quot;image&quot;:&quot;image&quot;,&quot;of&quot;:&quot;of&quot;,&quot;prev&quot;:&quot;prev&quot;,&quot;cExpand&quot;:&quot;Expand&quot;,&quot;cPrevious&quot;:&quot;Previous&quot;,&quot;cNext&quot;:&quot;Next&quot;,&quot;cExpandStr&quot;:&quot;Expand the image&quot;,&quot;cRotate&quot;:&quot;Rotate&quot;,&quot;cDetails&quot;:&quot;Details&quot;}\" data-popup-slideshow=\"false\" data-popup-slideshow-speed=\"2500\" data-popup-hoverstop=\"true\" data-popup-slideshow-auto=\"false\" data-popup-background=\"\" data-popup-transparency=\"30\" data-popup-disable-history=\"\" data-popup-disable-changed-url=\"\" data-popup-border-type=\"solid\" data-popup-border-color=\"\" data-popup-border-width=\"\" data-popup-border-enable=\"\" data-fullscreen=\"false\" data-hide-tooltip=\"false\" data-caption-font-family=\"Default\" data-caption-text-size=\"140\" data-is-mobile=\"0\" data-caption-mobile=\"false\" data-hide-long-tltp-title=\"0\" data-caption-disabled-on-mobile=\"false\" data-popup-placement-type=\"0\" data-social-sharing=\"{&quot;enabled&quot;:&quot;&quot;,&quot;gallerySharing&quot;:{&quot;enabled&quot;:null,&quot;position&quot;:null},&quot;imageSharing&quot;:{&quot;enabled&quot;:null,&quot;wrapperClass&quot;:&quot; vertical &quot;},&quot;popupSharing&quot;:{&quot;enabled&quot;:null,&quot;wrapperClass&quot;:&quot; vertical &quot;}}\" class=\"grid-gallery grid-gallery-fixed \" style=\" width:100%; height:auto; margin-left:auto; margin-right:auto;position:relative;\"> <div class=\"gallery-loading\"> <div class=\"blocks\"> <div class=\"block\"><\/div> <div class=\"block\"><\/div> <div class=\"block\"><\/div> <div class=\"block\"><\/div> <\/div> <\/div> <div class=\"gallery-sharing-top\" style=\"display:none;\"> <\/div> <div id=\"photos-13\" class=\"grid-gallery-photos\"><FIGURE class=\"grid-gallery-caption\" data-grid-gallery-type=\"center\" data-index=\"0\" style=\"display:none;border-radius:100%;; margin:10.3px; width:2150;\" ><div class=\"crop\" style=\" width:2150; height:2150; overflow:hidden;\"><img src=\"https:\/\/przedszkole58.com.pl\/wp-content\/uploads\/2023\/03\/333276271_168866892211077_635731360852854366_n-215x215.jpg\" class=\"ggImg\" alt=\"333276271_168866892211077_635731360852854366_n\" title=\"333276271_168866892211077_635731360852854366_n\" data-description=\"333276271_168866892211077_635731360852854366_n\" data-caption=\"333276271_168866892211077_635731360852854366_n\" data-title=\"333276271_168866892211077_635731360852854366_n\" style=\" width:215px; height:215px;\" \/><\/div><FIGCAPTION class=\"\" data-alpha=\"10\" style=\"color:#ffffff; background-color:#3498db; font-size:140; text-align:left; font-family:Default;\" ><div class=\"grid-gallery-figcaption-wrap\" style=\"\"><\/div><\/FIGCAPTION><\/FIGURE><FIGURE class=\"grid-gallery-caption\" data-grid-gallery-type=\"center\" data-index=\"1\" style=\"display:none;border-radius:100%;; margin:10.3px; width:2150;\" ><div class=\"crop\" style=\" width:2150; height:2150; overflow:hidden;\"><img src=\"https:\/\/przedszkole58.com.pl\/wp-content\/uploads\/2023\/03\/334885953_3402064606714200_3295592156616239617_n-215x215.jpg\" class=\"ggImg\" alt=\"334885953_3402064606714200_3295592156616239617_n\" title=\"334885953_3402064606714200_3295592156616239617_n\" data-description=\"334885953_3402064606714200_3295592156616239617_n\" data-caption=\"334885953_3402064606714200_3295592156616239617_n\" data-title=\"334885953_3402064606714200_3295592156616239617_n\" style=\" width:215px; height:215px;\" \/><\/div><FIGCAPTION class=\"\" data-alpha=\"10\" style=\"color:#ffffff; background-color:#3498db; font-size:140; text-align:left; font-family:Default;\" ><div class=\"grid-gallery-figcaption-wrap\" style=\"\"><\/div><\/FIGCAPTION><\/FIGURE><FIGURE class=\"grid-gallery-caption\" data-grid-gallery-type=\"center\" data-index=\"2\" style=\"display:none;border-radius:100%;; margin:10.3px; width:2150;\" ><div class=\"crop\" style=\" width:2150; height:2150; overflow:hidden;\"><img src=\"https:\/\/przedszkole58.com.pl\/wp-content\/uploads\/2023\/03\/334978380_2391012887736430_7024997491284973054_n-215x215.jpg\" class=\"ggImg\" alt=\"334978380_2391012887736430_7024997491284973054_n\" title=\"334978380_2391012887736430_7024997491284973054_n\" data-description=\"334978380_2391012887736430_7024997491284973054_n\" data-caption=\"334978380_2391012887736430_7024997491284973054_n\" data-title=\"334978380_2391012887736430_7024997491284973054_n\" style=\" width:215px; height:215px;\" \/><\/div><FIGCAPTION class=\"\" data-alpha=\"10\" style=\"color:#ffffff; background-color:#3498db; font-size:140; text-align:left; font-family:Default;\" ><div class=\"grid-gallery-figcaption-wrap\" style=\"\"><\/div><\/FIGCAPTION><\/FIGURE><FIGURE class=\"grid-gallery-caption\" data-grid-gallery-type=\"center\" data-index=\"3\" style=\"display:none;border-radius:100%;; margin:10.3px; width:2150;\" ><div class=\"crop\" style=\" width:2150; height:2150; overflow:hidden;\"><img src=\"https:\/\/przedszkole58.com.pl\/wp-content\/uploads\/2023\/03\/335010759_749784763263337_4962167725628726759_n-215x215.jpg\" class=\"ggImg\" alt=\"335010759_749784763263337_4962167725628726759_n\" title=\"335010759_749784763263337_4962167725628726759_n\" data-description=\"335010759_749784763263337_4962167725628726759_n\" data-caption=\"335010759_749784763263337_4962167725628726759_n\" data-title=\"335010759_749784763263337_4962167725628726759_n\" style=\" width:215px; height:215px;\" \/><\/div><FIGCAPTION class=\"\" data-alpha=\"10\" style=\"color:#ffffff; background-color:#3498db; font-size:140; text-align:left; font-family:Default;\" ><div class=\"grid-gallery-figcaption-wrap\" style=\"\"><\/div><\/FIGCAPTION><\/FIGURE><FIGURE class=\"grid-gallery-caption\" data-grid-gallery-type=\"center\" data-index=\"4\" style=\"display:none;border-radius:100%;; margin:10.3px; width:2150;\" ><div class=\"crop\" style=\" width:2150; height:2150; overflow:hidden;\"><img src=\"https:\/\/przedszkole58.com.pl\/wp-content\/uploads\/2023\/03\/335060705_3096298080670598_2978886777566978330_n-215x215.jpg\" class=\"ggImg\" alt=\"335060705_3096298080670598_2978886777566978330_n\" title=\"335060705_3096298080670598_2978886777566978330_n\" data-description=\"335060705_3096298080670598_2978886777566978330_n\" data-caption=\"335060705_3096298080670598_2978886777566978330_n\" data-title=\"335060705_3096298080670598_2978886777566978330_n\" style=\" width:215px; height:215px;\" \/><\/div><FIGCAPTION class=\"\" data-alpha=\"10\" style=\"color:#ffffff; background-color:#3498db; font-size:140; text-align:left; font-family:Default;\" ><div class=\"grid-gallery-figcaption-wrap\" style=\"\"><\/div><\/FIGCAPTION><\/FIGURE><FIGURE class=\"grid-gallery-caption\" data-grid-gallery-type=\"center\" data-index=\"5\" style=\"display:none;border-radius:100%;; margin:10.3px; width:2150;\" ><div class=\"crop\" style=\" width:2150; height:2150; overflow:hidden;\"><img src=\"https:\/\/przedszkole58.com.pl\/wp-content\/uploads\/2023\/03\/335071330_220747437186467_9024249046826301499_n-215x215.jpg\" class=\"ggImg\" alt=\"335071330_220747437186467_9024249046826301499_n\" title=\"335071330_220747437186467_9024249046826301499_n\" data-description=\"335071330_220747437186467_9024249046826301499_n\" data-caption=\"335071330_220747437186467_9024249046826301499_n\" data-title=\"335071330_220747437186467_9024249046826301499_n\" style=\" width:215px; height:215px;\" \/><\/div><FIGCAPTION class=\"\" data-alpha=\"10\" style=\"color:#ffffff; background-color:#3498db; font-size:140; text-align:left; font-family:Default;\" ><div class=\"grid-gallery-figcaption-wrap\" style=\"\"><\/div><\/FIGCAPTION><\/FIGURE><FIGURE class=\"grid-gallery-caption\" data-grid-gallery-type=\"center\" data-index=\"6\" style=\"display:none;border-radius:100%;; margin:10.3px; width:2150;\" ><div class=\"crop\" style=\" width:2150; height:2150; overflow:hidden;\"><img src=\"https:\/\/przedszkole58.com.pl\/wp-content\/uploads\/2023\/03\/335426281_231179685967684_8941002092628632131_n-215x215.jpg\" class=\"ggImg\" alt=\"335426281_231179685967684_8941002092628632131_n\" title=\"335426281_231179685967684_8941002092628632131_n\" data-description=\"335426281_231179685967684_8941002092628632131_n\" data-caption=\"335426281_231179685967684_8941002092628632131_n\" data-title=\"335426281_231179685967684_8941002092628632131_n\" style=\" width:215px; height:215px;\" \/><\/div><FIGCAPTION class=\"\" data-alpha=\"10\" style=\"color:#ffffff; background-color:#3498db; font-size:140; text-align:left; font-family:Default;\" ><div class=\"grid-gallery-figcaption-wrap\" style=\"\"><\/div><\/FIGCAPTION><\/FIGURE><FIGURE class=\"grid-gallery-caption\" data-grid-gallery-type=\"center\" data-index=\"7\" style=\"display:none;border-radius:100%;; margin:10.3px; width:2150;\" ><div class=\"crop\" style=\" width:2150; height:2150; overflow:hidden;\"><img src=\"https:\/\/przedszkole58.com.pl\/wp-content\/uploads\/2023\/03\/IMG_2194-215x215.jpg\" class=\"ggImg\" alt=\"IMG_2194\" title=\"IMG_2194\" data-description=\"IMG_2194\" data-caption=\"IMG_2194\" data-title=\"IMG_2194\" style=\" width:215px; height:215px;\" \/><\/div><FIGCAPTION class=\"\" data-alpha=\"10\" style=\"color:#ffffff; background-color:#3498db; font-size:140; text-align:left; font-family:Default;\" ><div class=\"grid-gallery-figcaption-wrap\" style=\"\"><\/div><\/FIGCAPTION><\/FIGURE><FIGURE class=\"grid-gallery-caption\" data-grid-gallery-type=\"center\" data-index=\"8\" style=\"display:none;border-radius:100%;; margin:10.3px; width:2150;\" ><div class=\"crop\" style=\" width:2150; height:2150; overflow:hidden;\"><img src=\"https:\/\/przedszkole58.com.pl\/wp-content\/uploads\/2023\/03\/IMG_2195-215x215.jpg\" class=\"ggImg\" alt=\"IMG_2195\" title=\"IMG_2195\" data-description=\"IMG_2195\" data-caption=\"IMG_2195\" data-title=\"IMG_2195\" style=\" width:215px; height:215px;\" \/><\/div><FIGCAPTION class=\"\" data-alpha=\"10\" style=\"color:#ffffff; background-color:#3498db; font-size:140; text-align:left; font-family:Default;\" ><div class=\"grid-gallery-figcaption-wrap\" style=\"\"><\/div><\/FIGCAPTION><\/FIGURE><FIGURE class=\"grid-gallery-caption\" data-grid-gallery-type=\"center\" data-index=\"9\" style=\"display:none;border-radius:100%;; margin:10.3px; width:2150;\" ><div class=\"crop\" style=\" width:2150; height:2150; overflow:hidden;\"><img src=\"https:\/\/przedszkole58.com.pl\/wp-content\/uploads\/2023\/03\/IMG_2196-215x215.jpg\" class=\"ggImg\" alt=\"IMG_2196\" title=\"IMG_2196\" data-description=\"IMG_2196\" data-caption=\"IMG_2196\" data-title=\"IMG_2196\" style=\" width:215px; height:215px;\" \/><\/div><FIGCAPTION class=\"\" data-alpha=\"10\" style=\"color:#ffffff; background-color:#3498db; font-size:140; text-align:left; font-family:Default;\" ><div class=\"grid-gallery-figcaption-wrap\" style=\"\"><\/div><\/FIGCAPTION><\/FIGURE><FIGURE class=\"grid-gallery-caption\" data-grid-gallery-type=\"center\" data-index=\"10\" style=\"display:none;border-radius:100%;; margin:10.3px; width:2150;\" ><div class=\"crop\" style=\" width:2150; height:2150; overflow:hidden;\"><img src=\"https:\/\/przedszkole58.com.pl\/wp-content\/uploads\/2023\/03\/IMG_2197-215x215.jpg\" class=\"ggImg\" alt=\"IMG_2197\" title=\"IMG_2197\" data-description=\"IMG_2197\" data-caption=\"IMG_2197\" data-title=\"IMG_2197\" style=\" width:215px; height:215px;\" \/><\/div><FIGCAPTION class=\"\" data-alpha=\"10\" style=\"color:#ffffff; background-color:#3498db; font-size:140; text-align:left; font-family:Default;\" ><div class=\"grid-gallery-figcaption-wrap\" style=\"\"><\/div><\/FIGCAPTION><\/FIGURE><FIGURE class=\"grid-gallery-caption\" data-grid-gallery-type=\"center\" data-index=\"11\" style=\"display:none;border-radius:100%;; margin:10.3px; width:2150;\" ><div class=\"crop\" style=\" width:2150; height:2150; overflow:hidden;\"><img src=\"https:\/\/przedszkole58.com.pl\/wp-content\/uploads\/2023\/03\/IMG_2198-215x215.jpg\" class=\"ggImg\" alt=\"IMG_2198\" title=\"IMG_2198\" data-description=\"IMG_2198\" data-caption=\"IMG_2198\" data-title=\"IMG_2198\" style=\" width:215px; height:215px;\" \/><\/div><FIGCAPTION class=\"\" data-alpha=\"10\" style=\"color:#ffffff; background-color:#3498db; font-size:140; text-align:left; font-family:Default;\" ><div class=\"grid-gallery-figcaption-wrap\" style=\"\"><\/div><\/FIGCAPTION><\/FIGURE><FIGURE class=\"grid-gallery-caption\" data-grid-gallery-type=\"center\" data-index=\"12\" style=\"display:none;border-radius:100%;; margin:10.3px; width:2150;\" ><div class=\"crop\" style=\" width:2150; height:2150; overflow:hidden;\"><img src=\"https:\/\/przedszkole58.com.pl\/wp-content\/uploads\/2023\/03\/IMG_2199-215x215.jpg\" class=\"ggImg\" alt=\"IMG_2199\" title=\"IMG_2199\" data-description=\"IMG_2199\" data-caption=\"IMG_2199\" data-title=\"IMG_2199\" style=\" width:215px; height:215px;\" \/><\/div><FIGCAPTION class=\"\" data-alpha=\"10\" style=\"color:#ffffff; background-color:#3498db; font-size:140; text-align:left; font-family:Default;\" ><div class=\"grid-gallery-figcaption-wrap\" style=\"\"><\/div><\/FIGCAPTION><\/FIGURE><FIGURE class=\"grid-gallery-caption\" data-grid-gallery-type=\"center\" data-index=\"13\" style=\"display:none;border-radius:100%;; margin:10.3px; width:2150;\" ><div class=\"crop\" style=\" width:2150; height:2150; overflow:hidden;\"><img src=\"https:\/\/przedszkole58.com.pl\/wp-content\/uploads\/2023\/03\/IMG_2200-215x215.jpg\" class=\"ggImg\" alt=\"IMG_2200\" title=\"IMG_2200\" data-description=\"IMG_2200\" data-caption=\"IMG_2200\" data-title=\"IMG_2200\" style=\" width:215px; height:215px;\" \/><\/div><FIGCAPTION class=\"\" data-alpha=\"10\" style=\"color:#ffffff; background-color:#3498db; font-size:140; text-align:left; font-family:Default;\" ><div class=\"grid-gallery-figcaption-wrap\" style=\"\"><\/div><\/FIGCAPTION><\/FIGURE><FIGURE class=\"grid-gallery-caption\" data-grid-gallery-type=\"center\" data-index=\"14\" style=\"display:none;border-radius:100%;; margin:10.3px; width:2150;\" ><div class=\"crop\" style=\" width:2150; height:2150; overflow:hidden;\"><img src=\"https:\/\/przedszkole58.com.pl\/wp-content\/uploads\/2023\/03\/IMG_2201-215x215.jpg\" class=\"ggImg\" alt=\"IMG_2201\" title=\"IMG_2201\" data-description=\"IMG_2201\" data-caption=\"IMG_2201\" data-title=\"IMG_2201\" style=\" width:215px; height:215px;\" \/><\/div><FIGCAPTION class=\"\" data-alpha=\"10\" style=\"color:#ffffff; background-color:#3498db; font-size:140; text-align:left; font-family:Default;\" ><div class=\"grid-gallery-figcaption-wrap\" style=\"\"><\/div><\/FIGCAPTION><\/FIGURE><FIGURE class=\"grid-gallery-caption\" data-grid-gallery-type=\"center\" data-index=\"15\" style=\"display:none;border-radius:100%;; margin:10.3px; width:2150;\" ><div class=\"crop\" style=\" width:2150; height:2150; overflow:hidden;\"><img src=\"https:\/\/przedszkole58.com.pl\/wp-content\/uploads\/2023\/03\/IMG_2202-215x215.jpg\" class=\"ggImg\" alt=\"IMG_2202\" title=\"IMG_2202\" data-description=\"IMG_2202\" data-caption=\"IMG_2202\" data-title=\"IMG_2202\" style=\" width:215px; height:215px;\" \/><\/div><FIGCAPTION class=\"\" data-alpha=\"10\" style=\"color:#ffffff; background-color:#3498db; font-size:140; text-align:left; font-family:Default;\" ><div class=\"grid-gallery-figcaption-wrap\" style=\"\"><\/div><\/FIGCAPTION><\/FIGURE><FIGURE class=\"grid-gallery-caption\" data-grid-gallery-type=\"center\" data-index=\"16\" style=\"display:none;border-radius:100%;; margin:10.3px; width:2150;\" ><div class=\"crop\" style=\" width:2150; height:2150; overflow:hidden;\"><img src=\"https:\/\/przedszkole58.com.pl\/wp-content\/uploads\/2023\/03\/IMG_2203-215x215.jpg\" class=\"ggImg\" alt=\"IMG_2203\" title=\"IMG_2203\" data-description=\"IMG_2203\" data-caption=\"IMG_2203\" data-title=\"IMG_2203\" style=\" width:215px; height:215px;\" \/><\/div><FIGCAPTION class=\"\" data-alpha=\"10\" style=\"color:#ffffff; background-color:#3498db; font-size:140; text-align:left; font-family:Default;\" ><div class=\"grid-gallery-figcaption-wrap\" style=\"\"><\/div><\/FIGCAPTION><\/FIGURE><FIGURE class=\"grid-gallery-caption\" data-grid-gallery-type=\"center\" data-index=\"17\" style=\"display:none;border-radius:100%;; margin:10.3px; width:2150;\" ><div class=\"crop\" style=\" width:2150; height:2150; overflow:hidden;\"><img src=\"https:\/\/przedszkole58.com.pl\/wp-content\/uploads\/2023\/03\/IMG_2204-215x215.jpg\" class=\"ggImg\" alt=\"IMG_2204\" title=\"IMG_2204\" data-description=\"IMG_2204\" data-caption=\"IMG_2204\" data-title=\"IMG_2204\" style=\" width:215px; height:215px;\" \/><\/div><FIGCAPTION class=\"\" data-alpha=\"10\" style=\"color:#ffffff; background-color:#3498db; font-size:140; text-align:left; font-family:Default;\" ><div class=\"grid-gallery-figcaption-wrap\" style=\"\"><\/div><\/FIGCAPTION><\/FIGURE><FIGURE class=\"grid-gallery-caption\" data-grid-gallery-type=\"center\" data-index=\"18\" style=\"display:none;border-radius:100%;; margin:10.3px; width:2150;\" ><div class=\"crop\" style=\" width:2150; height:2150; overflow:hidden;\"><img src=\"https:\/\/przedszkole58.com.pl\/wp-content\/uploads\/2023\/03\/IMG_2205-215x215.jpg\" class=\"ggImg\" alt=\"IMG_2205\" title=\"IMG_2205\" data-description=\"IMG_2205\" data-caption=\"IMG_2205\" data-title=\"IMG_2205\" style=\" width:215px; height:215px;\" \/><\/div><FIGCAPTION class=\"\" data-alpha=\"10\" style=\"color:#ffffff; background-color:#3498db; font-size:140; text-align:left; font-family:Default;\" ><div class=\"grid-gallery-figcaption-wrap\" style=\"\"><\/div><\/FIGCAPTION><\/FIGURE><FIGURE class=\"grid-gallery-caption\" data-grid-gallery-type=\"center\" data-index=\"19\" style=\"display:none;border-radius:100%;; margin:10.3px; width:2150;\" ><div class=\"crop\" style=\" width:2150; height:2150; overflow:hidden;\"><img src=\"https:\/\/przedszkole58.com.pl\/wp-content\/uploads\/2023\/03\/IMG_2207-215x215.jpg\" class=\"ggImg\" alt=\"IMG_2207\" title=\"IMG_2207\" data-description=\"IMG_2207\" data-caption=\"IMG_2207\" data-title=\"IMG_2207\" style=\" width:215px; height:215px;\" \/><\/div><FIGCAPTION class=\"\" data-alpha=\"10\" style=\"color:#ffffff; background-color:#3498db; font-size:140; text-align:left; font-family:Default;\" ><div class=\"grid-gallery-figcaption-wrap\" style=\"\"><\/div><\/FIGCAPTION><\/FIGURE> <div class=\"grid-gallery-clearfix\"><\/div> <\/div> <div class=\"gallery-sharing-bottom\" style=\"display:none;\"> <\/div> <div class=\"gallery-sharing-image\" style=\"display:none;\"> <\/div> <div class=\"gallery-sharing-popup\" style=\"display:none;\"> <\/div> <div class=\"grid-gallery-clearfix\"><\/div> <\/div> <!-- Gallery by Supsystic plugin1.15.25 --><a title=\"WordPress Photo Gallery Plugin\" style=\"display:none;\" href=\"https:\/\/supsystic.com\/plugins\/photo-gallery\/?utm_medium=love_link\" target=\"_blank\">WordPress Photo Gallery Plugin<\/a>\n<div class=\"su-spoiler su-spoiler-style-fancy su-spoiler-icon-plus su-spoiler-closed\" data-scroll-offset=\"0\" data-anchor-in-url=\"no\"><div class=\"su-spoiler-title\" tabindex=\"0\" role=\"button\"><span class=\"su-spoiler-icon\"><\/span>INFORMACJA ADMINISTRATORA O PRZETWARZANIU DANYCH OSOBOWYCH<\/div><div class=\"su-spoiler-content su-u-clearfix su-u-trim\"> INFORMACJA ADMINISTRATORA O PRZETWARZANIU DANYCH OSOBOWYCH Administratorem Twoich danych osobowych jest Samorz\u0105dowe Przedszkole nr 58 z siedzib\u0105 ul. Sko\u015bna 2 , 30-383 Krak\u00f3w, tel 12 268-22-39, Twoje dane osobowe b\u0119d\u0105 przetwarzane przez nas w celu realizacji us\u0142ug \u015bwiadczonych przez nasz\u0105 plac\u00f3wk\u0119. Informujemy, \u017ce: 1. Masz prawo do \u017c\u0105dania od administratora dost\u0119pu do Twoich danych osobowych, ich sprostowania, ograniczenia przetwarzania oraz prawo do przenoszenia danych. Je\u017celi przetwarzanie danych odbywa si\u0119 wy\u0142\u0105cznie na podstawie Twojej zgody to masz prawo w dowolnym momencie wycofa\u0107 udzielon\u0105 zgod\u0119, przy czym jej wycofanie nie wp\u0142ywa na zgodno\u015b\u0107 z prawem przetwarzania, kt\u00f3rego dokonano na podstawie tej\u017ce zgody przed jej wycofaniem 2. Dane osobowe b\u0119d\u0105 przechowywane przez okres wynikaj\u0105cy z przepis\u00f3w prawa, w szczeg\u00f3lno\u015bci ustawy z dnia 14 lipca 1983 r. o narodowym zasobie archiwalnym i archiwach oraz rozporz\u0105dzenia Prezesa Rady Ministr\u00f3w z dnia 18 stycznia 2011 r. w sprawie instrukcji kancelaryjnej, jednolitych rzeczowych wykaz\u00f3w akt oraz instrukcji w sprawie organizacji i zakresu dzia\u0142ania archiw\u00f3w zak\u0142adowych. W przypadku gdy przepisy prawa nie okre\u015blaj\u0105 okresu przechowywania dotycz\u0105cego konkretnej kategorii spraw \u2013 dane b\u0119d\u0105 przechowane przez czas potrzebny do realizacji celu, w kt\u00f3rym zosta\u0142y zebrane. 3. Masz prawo do wniesienia skargi do organu nadzorczego, kt\u00f3rym jest Prezes Urz\u0119du Ochrony Danych Osobowych z siedzib\u0105 ul. Stawki 2, 00-193 Warszawa. 4. Podanie danych osobowych wymaganych przepisami prawa jest warunkiem realizacji us\u0142ug \u015bwiadczonych przez nasz\u0105 jednostk\u0119. 5. Konsekwencj\u0105 niepodania danych wymaganych przepisami prawa jest brak mo\u017cliwo\u015bci \u015bwiadczenia przez nas us\u0142ug. 6. Twoje dane osobowe b\u0119d\u0105 przetwarzane na podstawie przepis\u00f3w prawa, a w szczeg\u00f3lnych przypadkach &#8211; na podstawie Twojej zgody albo w zwi\u0105zku z wykonywaniem umowy, kt\u00f3rej jeste\u015b stron\u0105, w zwi\u0105zku z art. 6 ust. 1 rozporz\u0105dzenia Parlamentu Europejskiego i Rady (UE) 2016\/679 z dnia 27 kwietnia 2016 r. w sprawie ochrony os\u00f3b fizycznych w zwi\u0105zku z przetwarzaniem danych osobowych i w sprawie swobodnego przep\u0142ywu takich danych oraz uchylenia dyrektywy 95\/46\/WE (RODO). Dane kontaktowe Inspektora Ochrony Danych: Dominik Strzebak, e-mail: inspektor6@mjo.krakow.pl Niniejsza informacja ma charakter og\u00f3lny. Szczeg\u00f3\u0142owa informacja dotycz\u0105ca przetwarzania danych osobowych oraz przys\u0142uguj\u0105cych w zwi\u0105zku z tym praw, stanowi\u0105ca realizacj\u0119 obowi\u0105zku informacyjnego administratora, o kt\u00f3rym mowa w art. 13 ust. 1 i 2 RODO, zostanie Pa\u0144stwu przekazana ka\u017cdorazowo w zwi\u0105zku z za\u0142atwieniem konkretnej sprawy. <\/div><\/div>\n<p>\n&nbsp;[\/vc_column_text][\/vc_column][\/vc_row]","protected":false},"excerpt":{"rendered":"<p>[vc_row][vc_column][\/vc_column][\/vc_row][vc_row][vc_column css=&#8221;.vc_custom_1685722436025{background-color: #8cea20 !important;}&#8221;][vc_column_text] Op\u0142aty 2025Lista op\u0142at za miesi\u0105c marzec 2026r. odp\u0142atno\u015bci marzec 2026 POBIERZ [\/vc_column_text][\/vc_column][vc_column][vc_column_text] Nasza galeria &nbsp;[\/vc_column_text][\/vc_column][\/vc_row]<\/p>\n","protected":false},"author":1,"featured_media":0,"parent":0,"menu_order":0,"comment_status":"closed","ping_status":"closed","template":"","meta":{"ngg_post_thumbnail":0},"_links":{"self":[{"href":"https:\/\/przedszkole58.com.pl\/index.php\/wp-json\/wp\/v2\/pages\/42"}],"collection":[{"href":"https:\/\/przedszkole58.com.pl\/index.php\/wp-json\/wp\/v2\/pages"}],"about":[{"href":"https:\/\/przedszkole58.com.pl\/index.php\/wp-json\/wp\/v2\/types\/page"}],"author":[{"embeddable":true,"href":"https:\/\/przedszkole58.com.pl\/index.php\/wp-json\/wp\/v2\/users\/1"}],"replies":[{"embeddable":true,"href":"https:\/\/przedszkole58.com.pl\/index.php\/wp-json\/wp\/v2\/comments?post=42"}],"version-history":[{"count":109,"href":"https:\/\/przedszkole58.com.pl\/index.php\/wp-json\/wp\/v2\/pages\/42\/revisions"}],"predecessor-version":[{"id":1524,"href":"https:\/\/przedszkole58.com.pl\/index.php\/wp-json\/wp\/v2\/pages\/42\/revisions\/1524"}],"wp:attachment":[{"href":"https:\/\/przedszkole58.com.pl\/index.php\/wp-json\/wp\/v2\/media?parent=42"}],"curies":[{"name":"wp","href":"https:\/\/api.w.org\/{rel}","templated":true}]}}