{"id":228,"date":"2022-11-02T19:23:16","date_gmt":"2022-11-02T19:23:16","guid":{"rendered":"https:\/\/przedszkole58.com.pl\/?page_id=228"},"modified":"2025-03-31T05:46:31","modified_gmt":"2025-03-31T05:46:31","slug":"dyzur-wakacyjny","status":"publish","type":"page","link":"https:\/\/przedszkole58.com.pl\/index.php\/dyzur-wakacyjny\/","title":{"rendered":"Dy\u017cur wakacyjny"},"content":{"rendered":"[vc_row][vc_column][vc_column_text]<figure class=\"wp-block-image size-full\"><img decoding=\"async\" loading=\"lazy\" width=\"432\" height=\"302\" src=\"https:\/\/przedszkole58.com.pl\/wp-content\/uploads\/2024\/03\/image.png\" alt=\"\" class=\"wp-image-1075\" data-mce-src=\"https:\/\/przedszkole58.com.pl\/wp-content\/uploads\/2024\/03\/image.png\" srcset=\"https:\/\/przedszkole58.com.pl\/wp-content\/uploads\/2024\/03\/image.png 432w, https:\/\/przedszkole58.com.pl\/wp-content\/uploads\/2024\/03\/image-300x210.png 300w\" sizes=\"(max-width: 432px) 100vw, 432px\" \/><\/figure><p class=\"has-text-align-center\"><strong><u>Szanowni rodzice<\/u><\/strong><\/p><p class=\"has-text-align-center\">Informujemy, i\u017c w okresie wakacji nasze przedszkole b\u0119dzie pe\u0142ni\u0142o dy\u017cur w miesi\u0105cu<strong> sierpie\u0144 2025<\/strong><\/p><p class=\"has-text-align-center\">Wykaz dy\u017curuj\u0105cych przedszkoli przez okres wakacji mo\u017cna znale\u017a\u0107 na stronie internetowej<\/p><p class=\"has-text-align-center\"><a href=\"https:\/\/portaledukacyjny.krakow.pl\/ogloszenia_dla_rodzicow\/291408,2156,komunikat,harmonogram_przerw_wakacyjnych_w_przedszkolach_2024_2025.html\" data-mce-href=\"https:\/\/portaledukacyjny.krakow.pl\/ogloszenia_dla_rodzicow\/291408,2156,komunikat,harmonogram_przerw_wakacyjnych_w_przedszkolach_2024_2025.html\">Harmonogram przerw wakacyjnych w przedszkolach 2024\/2025 &#8211; Portal Edukacyjny<\/a><\/p><p class=\"has-text-align-center has-large-font-size\"><strong><a href=\"https:\/\/przedszkole58.com.pl\/wp-content\/uploads\/2025\/03\/Deklaracja-korzystania-z-wychowania-przedszkolnego-dyur-wakacyjny-SIERPIEN-2025-dla-dzieci-spoza-naszego-przedszkola.pdf\" data-type=\"URL\" data-id=\"https:\/\/przedszkole58.com.pl\/wp-content\/uploads\/2024\/04\/Deklaracja-korzystania-z-wychowania-przedszkolnego-dyur-wakacyjny-LIPIEC-2024-dla-dzieci-spoza-naszego-przedszkola.pdf\" data-mce-href=\"https:\/\/przedszkole58.com.pl\/wp-content\/uploads\/2025\/03\/Deklaracja-korzystania-z-wychowania-przedszkolnego-dyur-wakacyjny-SIERPIEN-2025-dla-dzieci-spoza-naszego-przedszkola.pdf\">KARTA ZAPISU NA DY\u017bUR WAKACYJNY PDF<\/a><\/strong><\/p><p><em>Zgodnie z art. 130 ust. 2 ustawy o Prawo o\u015bwiatowe:<\/em><\/p><p>\u201e<strong>o przyj\u0119ciu dziecka do publicznego przedszkola<\/strong>, oddzia\u0142u przedszkolnego w publicznej szkole podstawowej i publicznej innej formy wychowania przedszkolnego oraz dzieci, m\u0142odzie\u017cy i os\u00f3b pe\u0142noletnich do publicznych szk\u00f3\u0142 wszystkich typ\u00f3w, w tym do klas I, klas wst\u0119pnych, o kt\u00f3rych mowa w art. 25 ust. 3, oraz do publicznych plac\u00f3wek, o kt\u00f3rych mowa w art. 2 pkt 3, 4 i 8, w trakcie roku szkolnego,&nbsp;<strong>decyduje odpowiednio dyrektor przedszkola lub szko\u0142y,&nbsp;<\/strong>a w przypadku publicznej innej formy wychowania przedszkolnego prowadzonej przez osob\u0119 prawn\u0105 inn\u0105 ni\u017c jednostka samorz\u0105du terytorialnego lub osob\u0119 fizyczn\u0105 tak\u017ce osoba kieruj\u0105ca t\u0105 inn\u0105 form\u0105 wychowania przedszkolnego, z wyj\u0105tkiem przypadk\u00f3w przyj\u0119cia dzieci i m\u0142odzie\u017cy zamieszka\u0142ych w obwodzie publicznej szko\u0142y podstawowej, kt\u00f3re s\u0105 przyjmowane z urz\u0119du\u201d.<\/p><p>Wi\u0119cej informacji na stronie:&nbsp;<a href=\"http:\/\/portaledukacyjny.krakow.pl\/\" data-mce-href=\"http:\/\/portaledukacyjny.krakow.pl\/\">http:\/\/portaledukacyjny.krakow.pl\/<\/a><\/p><ul><li style=\"list-style-type: none;\" data-mce-style=\"list-style-type: none;\"><ul><li><strong>17.03.2025r. do 28.03.2025r.<\/strong>&nbsp;odb\u0119dzie si\u0119&nbsp; rekrutacja&nbsp;<strong>&nbsp;dla dzieci z naszego przedszkola.<\/strong>&nbsp;W celu potwierdzenia ch\u0119ci ucz\u0119szczania na dy\u017cur nale\u017cy z\u0142o\u017cy\u0107 podpisane przez rodzic\u00f3w \u201eO\u015bwiadczenie&nbsp; potwierdzaj\u0105ce wol\u0119 korzystania z us\u0142ug przedszkola\u201d&nbsp; (wnioski dost\u0119pne u nauczycieli oddzia\u0142\u00f3w). O\u015bwiadczenia z\u0142o\u017cone po tym terminie b\u0119d\u0105 przyj\u0119te pod warunkiem posiadania wolnego miejsca w przedszkolu.<\/li><li><strong>&nbsp;07.04.2025r.&nbsp; do 11.04.2025r. <\/strong>&nbsp;odb\u0119dzie si\u0119 rekrutacja&nbsp;<strong>&nbsp;dla dzieci spoza naszego przedszkola.<\/strong>&nbsp;Dokumentem potwierdzaj\u0105cym ch\u0119\u0107 zapisu jest \u201eKarta zapisu na dy\u017cur\u201d.<\/li><\/ul><\/li><\/ul><p><\/p><p>Prosimy o przemy\u015blane i odpowiedzialne dokonywanie zapisu na dy\u017cur wakacyjny, gdy\u017c na podstawie zg\u0142oszonych dzieci, ustala si\u0119 ilo\u015b\u0107 wolnych miejsc dla dzieci spoza naszego przedszkola oraz harmonogram pracy nauczycieli i pracownik\u00f3w obs\u0142ugi.<\/p>[\/vc_column_text][\/vc_column][\/vc_row]","protected":false},"excerpt":{"rendered":"<p>[vc_row][vc_column][vc_column_text] Szanowni rodzice Informujemy, i\u017c w okresie wakacji nasze przedszkole b\u0119dzie pe\u0142ni\u0142o dy\u017cur w miesi\u0105cu sierpie\u0144 2025 Wykaz dy\u017curuj\u0105cych przedszkoli przez okres wakacji mo\u017cna znale\u017a\u0107 na stronie internetowej Harmonogram przerw wakacyjnych w przedszkolach 2024\/2025 &#8211; Portal Edukacyjny KARTA ZAPISU NA DY\u017bUR WAKACYJNY PDF Zgodnie z art. 130 ust. 2 ustawy o Prawo o\u015bwiatowe: \u201eo przyj\u0119ciu [&hellip;]<\/p>\n","protected":false},"author":1,"featured_media":0,"parent":0,"menu_order":0,"comment_status":"closed","ping_status":"closed","template":"","meta":{"ngg_post_thumbnail":0},"_links":{"self":[{"href":"https:\/\/przedszkole58.com.pl\/index.php\/wp-json\/wp\/v2\/pages\/228"}],"collection":[{"href":"https:\/\/przedszkole58.com.pl\/index.php\/wp-json\/wp\/v2\/pages"}],"about":[{"href":"https:\/\/przedszkole58.com.pl\/index.php\/wp-json\/wp\/v2\/types\/page"}],"author":[{"embeddable":true,"href":"https:\/\/przedszkole58.com.pl\/index.php\/wp-json\/wp\/v2\/users\/1"}],"replies":[{"embeddable":true,"href":"https:\/\/przedszkole58.com.pl\/index.php\/wp-json\/wp\/v2\/comments?post=228"}],"version-history":[{"count":17,"href":"https:\/\/przedszkole58.com.pl\/index.php\/wp-json\/wp\/v2\/pages\/228\/revisions"}],"predecessor-version":[{"id":1230,"href":"https:\/\/przedszkole58.com.pl\/index.php\/wp-json\/wp\/v2\/pages\/228\/revisions\/1230"}],"wp:attachment":[{"href":"https:\/\/przedszkole58.com.pl\/index.php\/wp-json\/wp\/v2\/media?parent=228"}],"curies":[{"name":"wp","href":"https:\/\/api.w.org\/{rel}","templated":true}]}}