{"id":224,"date":"2022-11-02T19:22:55","date_gmt":"2022-11-02T19:22:55","guid":{"rendered":"https:\/\/przedszkole58.com.pl\/?page_id=224"},"modified":"2025-10-31T10:53:07","modified_gmt":"2025-10-31T10:53:07","slug":"oplaty-2","status":"publish","type":"page","link":"https:\/\/przedszkole58.com.pl\/index.php\/odplatnosci\/oplaty-2\/","title":{"rendered":"Op\u0142aty"},"content":{"rendered":"\n<p style=\"font-size:16px\"><strong>Informacja dla rodzic\u00f3w\/prawnych opiekun\u00f3w dzieci korzystaj\u0105cych z wychowania przedszkolnego w samorz\u0105dowych przedszkolach w Krakowie<\/strong><\/p>\n\n\n\n<p>   1 stycznia 2018 r. wesz\u0142a w \u017cycie ustawa o finansowaniu zada\u0144 o\u015bwiatowych, zgodnie z kt\u00f3r\u0105 op\u0142aty za korzystanie w wychowania przedszkolnego (tzw. czesne) oraz za wy\u017cywienie stanowi\u0105 nieopodatkowane nale\u017cno\u015bci bud\u017cetowe o charakterze publicznoprawnym (art. 52 ust. 15 ww. ustawy &#8211; Dz.U. z 2017 poz. 2203).<\/p>\n\n\n\n<p>   Do tej pory nale\u017cno\u015bci z tytu\u0142u op\u0142at za korzystanie z wychowania przedszkolnego oraz z wy\u017cywienia w przedszkolach prowadzonych przez Gmin\u0119 Miejsk\u0105 Krak\u00f3w stanowi\u0142y \u015bwiadczenia pieni\u0119\u017cne b\u0119d\u0105ce przedmiotem stosunk\u00f3w cywilnoprawnych (z rodzicami\/opiekunami prawnymi by\u0142a zawierana umowa). Natomiast obecnie s\u0105 to ju\u017c \u015bwiadczenia pieni\u0119\u017cne wynikaj\u0105ce ze stosunk\u00f3w publicznoprawnych. Zmiana charakteru op\u0142at oznacza, \u017ce nie ma ju\u017c podstaw do ich okre\u015blania w umowach cywilnoprawnych zawieranych z rodzicami. Ustalenie wysoko\u015bci op\u0142at za korzystanie z wychowania przedszkolnego nast\u0119puje w drodze uchwa\u0142y rady gminy &#8211; w Gminie Miejskiej Krak\u00f3w obowi\u0105zuje uchwa\u0142a Nr XCVII\/2509\/18 Rady Miasta Krakowa z dnia 14 marca 2018 r. w sprawie okre\u015blenia wysoko\u015bci op\u0142at za korzystanie z wychowania przedszkolnego uczni\u00f3w obj\u0119tych wychowaniem przedszkolnym w przedszkolach prowadzonych przez Gmin\u0119 Miejskq Krak\u00f3w. Natomiast wysoko\u015b\u0107 op\u0142at za korzystanie z wy\u017cywienia w publicznych plac\u00f3wkach wychowania przedszkolnego ustala dyrektor przedszkola w porozumieniu z organem prowadz\u0105cym.<\/p>\n\n\n\n<p>   Na mocy ww. przepis\u00f3w rodzic\/prawny opiekun jest zobowi\u0105zany do wnoszenia op\u0142at w wyznaczonym terminie i na wskazany rachunek bankowy za:<\/p>\n\n\n\n<ol>\n<li>Korzystanie przez dziecko z nauczania, wychowania i opieki ponad 5 godzin dziennego czas pobytu dziecka, do ko\u0144ca roku szkolnego w roku kalendarzowym, w kt\u00f3rym ko\u0144czy 6 lat, w wysoko\u015bci&nbsp;<strong>1,44 z\u0142 za ka\u017cda godzin\u0119 korzystania.<\/strong>&nbsp;Dla rodzin obj\u0119tych Programem pn. Krakowska Karta Rodzinna 3+&nbsp;<strong>lub<\/strong>&nbsp;Programem pn. Krak\u00f3w dla Rodziny \u201eN&#8221; op\u0142ata, o kt\u00f3rej mowa powy\u017cej&nbsp;<strong>wynosi 50% tej kwoty.<\/strong>? Dla rodzin obj\u0119tych&nbsp;<strong>zar\u00f3wno<\/strong>&nbsp;Programem pn. Krakowska Karta Rodzinna 3+ jak i Programem pn. Krak\u00f3w dla Rodziny \u201eN&#8221; op\u0142ata, o kt\u00f3rej mowa powy\u017cej&nbsp;<strong>wynosi 0 z\u0142.<\/strong>&nbsp;Op\u0142at za korzystanie z przedszkola nie wnosz\u0105 rodzice dziecka przebywaj\u0105cego w przedszkolu zorganizowanym w zak\u0142adzie opieki zdrowotnej.<\/li>\n\n\n\n<li>wy\u017cywienie dziecka, kalkulowane w ka\u017cdym przedszkolu oddzielnie w wysoko\u015bci koszt\u00f3w ponoszonych na zakup artyku\u0142\u00f3w \u017cywno\u015bciowych przeznaczonych do przygotowania posi\u0142k\u00f3w. Stawka \u017cywieniowa 12 z\u0142 (\u015bniadanie 2,4 z\u0142,  drugie \u015bniadanie 2,4 z\u0142 obiad 7,20 z\u0142)<\/li>\n<\/ol>\n\n\n\n<p>   Dyrektor przedszkola, w drodze czynno\u015bci materialno-technicznych, dokonuje stosownego obliczenia miesi\u0119cznej nale\u017cno\u015bci wynikaj\u0105cej z liczby godzin, w kt\u00f3rych dziecko korzysta\u0142o w danym miesi\u0105cu z wychowania przedszkolnego oraz liczby spo\u017cytych posi\u0142k\u00f3w i przedstawia rodzicowi\/opiekunowi prawnemu stosowny rachunek.<\/p>\n\n\n\n<p>   Nieuiszczenie nale\u017cnej op\u0142aty skutkuje wszcz\u0119ciem procedury dochodzenia nale\u017cno\u015bci bud\u017cetowych z tytu\u0142u nieuiszczonych op\u0142at za korzystanie z wychowania przedszkolnego na podstawie przepis\u00f3w o post\u0119powaniu egzekucyjnym w administracji (ustawa z dnia 17 czerwca 1966 r. o post\u0119powaniu egzekucyjnym w administracji, Dz. U. z 2017 r. poz. 1201), co mo\u017ce skutkowa\u0107 zaj\u0119ciem \u015brodk\u00f3w na rachunku bankowym.<\/p>\n\n\n\n<p class=\"has-white-color has-text-color has-background\" style=\"background-color:#616161\">W zwi\u0105zku z powy\u017cszym bardzo prosimy o terminowe uiszczanie nale\u017cno\u015bci oraz uregulowanie ewentualnych zaleg\u0142o\u015bci.<\/p>\n\n\n\n<p class=\"has-text-align-center\"><strong>Urz\u0105d Miasta Krakowa<br>WYDZIA\u0141 EDUKACJI<br>tel. +48 12 616 52 00, fax +48 12 616 52 01<\/strong><br><strong>ek.umk@um.krakow.pl <\/strong><br><strong>30-103 Krak\u00f3w, ul. Stachowicza 18<\/strong><\/p>\n","protected":false},"excerpt":{"rendered":"<p>Informacja dla rodzic\u00f3w\/prawnych opiekun\u00f3w dzieci korzystaj\u0105cych z wychowania przedszkolnego w samorz\u0105dowych przedszkolach w Krakowie 1 stycznia 2018 r. wesz\u0142a w \u017cycie ustawa o finansowaniu zada\u0144 o\u015bwiatowych, zgodnie z kt\u00f3r\u0105 op\u0142aty za korzystanie w wychowania przedszkolnego (tzw. czesne) oraz za wy\u017cywienie stanowi\u0105 nieopodatkowane nale\u017cno\u015bci bud\u017cetowe o charakterze publicznoprawnym (art. 52 ust. 15 ww. ustawy &#8211; Dz.U. [&hellip;]<\/p>\n","protected":false},"author":1,"featured_media":0,"parent":1297,"menu_order":0,"comment_status":"closed","ping_status":"closed","template":"","meta":{"ngg_post_thumbnail":0},"_links":{"self":[{"href":"https:\/\/przedszkole58.com.pl\/index.php\/wp-json\/wp\/v2\/pages\/224"}],"collection":[{"href":"https:\/\/przedszkole58.com.pl\/index.php\/wp-json\/wp\/v2\/pages"}],"about":[{"href":"https:\/\/przedszkole58.com.pl\/index.php\/wp-json\/wp\/v2\/types\/page"}],"author":[{"embeddable":true,"href":"https:\/\/przedszkole58.com.pl\/index.php\/wp-json\/wp\/v2\/users\/1"}],"replies":[{"embeddable":true,"href":"https:\/\/przedszkole58.com.pl\/index.php\/wp-json\/wp\/v2\/comments?post=224"}],"version-history":[{"count":17,"href":"https:\/\/przedszkole58.com.pl\/index.php\/wp-json\/wp\/v2\/pages\/224\/revisions"}],"predecessor-version":[{"id":1357,"href":"https:\/\/przedszkole58.com.pl\/index.php\/wp-json\/wp\/v2\/pages\/224\/revisions\/1357"}],"up":[{"embeddable":true,"href":"https:\/\/przedszkole58.com.pl\/index.php\/wp-json\/wp\/v2\/pages\/1297"}],"wp:attachment":[{"href":"https:\/\/przedszkole58.com.pl\/index.php\/wp-json\/wp\/v2\/media?parent=224"}],"curies":[{"name":"wp","href":"https:\/\/api.w.org\/{rel}","templated":true}]}}

Opłaty

<p style="font-size:16px"><strong>Informacja dla rodziców/prawnych opiekunów dzieci korzystających z wychowania przedszkolnego w samorządowych przedszkolach w Krakowie</strong></p>



<p>   1 stycznia 2018 r. weszła w życie ustawa o finansowaniu zadań oświatowych, zgodnie z którą opłaty za korzystanie w wychowania przedszkolnego (tzw. czesne) oraz za wyżywienie stanowią nieopodatkowane należności budżetowe o charakterze publicznoprawnym (art. 52 ust. 15 ww. ustawy &#8211; Dz.U. z 2017 poz. 2203).</p>



<p>   Do tej pory należności z tytułu opłat za korzystanie z wychowania przedszkolnego oraz z wyżywienia w przedszkolach prowadzonych przez Gminę Miejską Kraków stanowiły świadczenia pieniężne będące przedmiotem stosunków cywilnoprawnych (z rodzicami/opiekunami prawnymi była zawierana umowa). Natomiast obecnie są to już świadczenia pieniężne wynikające ze stosunków publicznoprawnych. Zmiana charakteru opłat oznacza, że nie ma już podstaw do ich określania w umowach cywilnoprawnych zawieranych z rodzicami. Ustalenie wysokości opłat za korzystanie z wychowania przedszkolnego następuje w drodze uchwały rady gminy &#8211; w Gminie Miejskiej Kraków obowiązuje uchwała Nr XCVII/2509/18 Rady Miasta Krakowa z dnia 14 marca 2018 r. w sprawie określenia wysokości opłat za korzystanie z wychowania przedszkolnego uczniów objętych wychowaniem przedszkolnym w przedszkolach prowadzonych przez Gminę Miejskq Kraków. Natomiast wysokość opłat za korzystanie z wyżywienia w publicznych placówkach wychowania przedszkolnego ustala dyrektor przedszkola w porozumieniu z organem prowadzącym.</p>



<p>   Na mocy ww. przepisów rodzic/prawny opiekun jest zobowiązany do wnoszenia opłat w wyznaczonym terminie i na wskazany rachunek bankowy za:</p>



<ol>
<li>Korzystanie przez dziecko z nauczania, wychowania i opieki ponad 5 godzin dziennego czas pobytu dziecka, do końca roku szkolnego w roku kalendarzowym, w którym kończy 6 lat, w wysokości&nbsp;<strong>1,44 zł za każda godzinę korzystania.</strong>&nbsp;Dla rodzin objętych Programem pn. Krakowska Karta Rodzinna 3+&nbsp;<strong>lub</strong>&nbsp;Programem pn. Kraków dla Rodziny „N&#8221; opłata, o której mowa powyżej&nbsp;<strong>wynosi 50% tej kwoty.</strong>? Dla rodzin objętych&nbsp;<strong>zarówno</strong>&nbsp;Programem pn. Krakowska Karta Rodzinna 3+ jak i Programem pn. Kraków dla Rodziny „N&#8221; opłata, o której mowa powyżej&nbsp;<strong>wynosi 0 zł.</strong>&nbsp;Opłat za korzystanie z przedszkola nie wnoszą rodzice dziecka przebywającego w przedszkolu zorganizowanym w zakładzie opieki zdrowotnej.</li>



<li>wyżywienie dziecka, kalkulowane w każdym przedszkolu oddzielnie w wysokości kosztów ponoszonych na zakup artykułów żywnościowych przeznaczonych do przygotowania posiłków. Stawka żywieniowa 12 zł (śniadanie 2,4 zł,  drugie śniadanie 2,4 zł obiad 7,20 zł)</li>
</ol>



<p>   Dyrektor przedszkola, w drodze czynności materialno-technicznych, dokonuje stosownego obliczenia miesięcznej należności wynikającej z liczby godzin, w których dziecko korzystało w danym miesiącu z wychowania przedszkolnego oraz liczby spożytych posiłków i przedstawia rodzicowi/opiekunowi prawnemu stosowny rachunek.</p>



<p>   Nieuiszczenie należnej opłaty skutkuje wszczęciem procedury dochodzenia należności budżetowych z tytułu nieuiszczonych opłat za korzystanie z wychowania przedszkolnego na podstawie przepisów o postępowaniu egzekucyjnym w administracji (ustawa z dnia 17 czerwca 1966 r. o postępowaniu egzekucyjnym w administracji, Dz. U. z 2017 r. poz. 1201), co może skutkować zajęciem środków na rachunku bankowym.</p>



<p class="has-white-color has-text-color has-background" style="background-color:#616161">W związku z powyższym bardzo prosimy o terminowe uiszczanie należności oraz uregulowanie ewentualnych zaległości.</p>



<p class="has-text-align-center"><strong>Urząd Miasta Krakowa<br>WYDZIAŁ EDUKACJI<br>tel. +48 12 616 52 00, fax +48 12 616 52 01</strong><br><strong>ek.umk@um.krakow.pl </strong><br><strong>30-103 Kraków, ul. Stachowicza 18</strong></p>

<p>Informacja dla rodziców/prawnych opiekunów dzieci korzystających z wychowania przedszkolnego w samorządowych przedszkolach w Krakowie 1 stycznia 2018 r. weszła w życie ustawa o finansowaniu zadań oświatowych, zgodnie z którą opłaty za korzystanie w wychowania przedszkolnego (tzw. czesne) oraz za wyżywienie stanowią nieopodatkowane należności budżetowe o charakterze publicznoprawnym (art. 52 ust. 15 ww. ustawy &#8211; Dz.U. [&hellip;]</p>
