{"id":195,"date":"2022-11-02T19:14:27","date_gmt":"2022-11-02T19:14:27","guid":{"rendered":"https:\/\/przedszkole58.com.pl\/?page_id=195"},"modified":"2026-02-27T11:03:16","modified_gmt":"2026-02-27T11:03:16","slug":"nasza-kadra","status":"publish","type":"page","link":"https:\/\/przedszkole58.com.pl\/index.php\/nasza-kadra\/","title":{"rendered":"Nasza kadra"},"content":{"rendered":"[vc_row][vc_column][vc_column_text]\n<div class=\"is-layout-flex wp-container-5 wp-block-columns\">\n<div class=\"is-layout-flow wp-block-column\" style=\"flex-basis: 100%;\">\n<div class=\"is-layout-flex wp-container-3 wp-block-columns\">\n<div class=\"is-layout-flow wp-block-column\">\n<p class=\"has-text-align-left has-vivid-red-color has-text-color\"><strong>Dyrektor<\/strong><br>mgr Agnieszka Sacharuk<\/p>\n<p><strong>Wicedyrektor<\/strong><br>mgr Edyta Waszkiewicz<\/p>\n<p><strong>Sekretarz przedszkola<\/strong><br>mgr Katarzyna Wir-Konas<\/p>\n<br>\n<p class=\"has-text-align-left\"><strong>Nauczyciele:<\/strong><\/p>\n<p>mgr Ewa Wachel<\/p>\n<p>mgr Renata Roman<\/p>\n<p>mgr Ewa Gawor<\/p>\n<p>mgr Regina Krawczyk<\/p>\n<p>mgr Joanna Kurek<\/p>\n<p>mgr Alina R\u0119bacz<\/p>\n<p>mgr Maria Przydatek<\/p>\n<p>mgr Ma\u0142gorzata Windak<\/p>\n<p>mgr Maria \u015aliwa<\/p>\n<p>mgr Aneta Brniak<\/p>\n<p>mgr Joanna Sikorska-Chmielarz<\/p>\n<p>mgr Beata Tarczy\u0144ska<\/p>\n<p>mgr Ilona Preiss<\/p>\n<p>mgr Katarzyna Je\u017c<\/p>\n<p>mgr Wies\u0142awa Malik<\/p>\n<p>mgr Anna Le\u015bniak<\/p>\n<p>mgr Wioleta Du\u017cy\u0144ska<\/p>\n<p>mgr Joanna Pasterczyk<\/p>\n<p>mgr Agnieszka Feli\u015b-Noga<\/p>\n<p>mgr Anna W\u00f3jcik<\/p>\n<p>mgr Ewa Kubacka<\/p>\n<br>\n<p class=\"has-text-align-left\"><strong>Nauczyciele specjali\u015bci<\/strong><\/p>\n<p>mgr Anna R\u00f3\u017cak- logopeda<\/p>\n<p>mgr Michalina Furma\u0144ska -psycholog<\/p>\n<p>mgr Magdalena Misiak \u2013nauczyciel wsp\u00f3\u0142organizuj\u0105cy<\/p>\n<p>mgr Dorota Dorobisz- nauczyciel wsp\u00f3\u0142organizuj\u0105cy&nbsp;<\/p>\n<p>mgr Zuzanna W\u00f3jcik- nauczyciel gimnastyki korekcyjnej<\/p>\n<p>mgr Iwona Szymankiewicz- pedagog specjalny<\/p>\n<p><strong>Religia<\/strong><\/p>\n<p>mgr Maria Niemiec<\/p>\n\n<\/div>\n<br>\n<div class=\"is-layout-flow wp-block-column\">\n<p class=\"has-text-align-left\"><strong>Pomoce nauczycieli<\/strong><\/p>\n<p>Jolanta Burda<\/p>\n<p>Magdalena Kalinowska<\/p>\n<p>Monika Cie\u015blik<\/p>\n<p>Magdalena Tarnawska<\/p>\n<p><strong>Pomoce oddzia\u0142owe:<\/strong><\/p>\n<p>Magdalena Blachura<\/p>\n<p>Krystyna Banasik<\/p>\n<p>Barbara Niedzia\u0142ka<\/p>\n<p>Dorota Wiatrak<\/p>\n<p>Katarzyna Lasota<\/p>\n<p>Magdalena Kowalczyk<\/p>\n<p>Krystyna Majewska &#8211; Biega\u0144ska&nbsp;<\/p>\n<p>Joanna Tabor<\/p>\n<p>Dorota Kaleta<\/p>\n<br>\n<p class=\"has-text-align-left\">Anna Kania \u2013 <strong>intendentka<\/strong><\/p>\n<p><strong>Kucharki<\/strong><\/p>\n<p>Teresa Fita- szefowa kuchni<\/p>\n<p>Edyta Bujak &#8211; pomoc<\/p>\n<p>Renata Fradyma- pomoc<\/p>\n<p>Zofia Kobia\u0142ka &#8211; pomoc&nbsp;<\/p>\n<p><a name=\"_GoBack\"><\/a>&nbsp;Agnieszka Morawiec pomoc<\/p>\n<br>\n<p class=\"has-text-align-left\"><strong>Pracownicy do prac ci\u0119\u017ckich<\/strong><\/p>\n<p>Maciej Czernicki<\/p>\n<p>Ludwik Rzyczniak<\/p>\n\n<\/div>\n\n<\/div>\n\n<\/div>\n\n<\/div>\n<p>&nbsp;<\/p>\n[\/vc_column_text][\/vc_column][\/vc_row]\n","protected":false},"excerpt":{"rendered":"<p>[vc_row][vc_column][vc_column_text] Dyrektormgr Agnieszka Sacharuk Wicedyrektormgr Edyta Waszkiewicz Sekretarz przedszkolamgr Katarzyna Wir-Konas Nauczyciele: mgr Ewa Wachel mgr Renata Roman mgr Ewa Gawor mgr Regina Krawczyk mgr Joanna Kurek mgr Alina R\u0119bacz mgr Maria Przydatek mgr Ma\u0142gorzata Windak mgr Maria \u015aliwa mgr Aneta Brniak mgr Joanna Sikorska-Chmielarz mgr Beata Tarczy\u0144ska mgr Ilona Preiss mgr Katarzyna Je\u017c mgr [&hellip;]<\/p>\n","protected":false},"author":1,"featured_media":0,"parent":0,"menu_order":0,"comment_status":"closed","ping_status":"closed","template":"","meta":{"ngg_post_thumbnail":0},"_links":{"self":[{"href":"https:\/\/przedszkole58.com.pl\/index.php\/wp-json\/wp\/v2\/pages\/195"}],"collection":[{"href":"https:\/\/przedszkole58.com.pl\/index.php\/wp-json\/wp\/v2\/pages"}],"about":[{"href":"https:\/\/przedszkole58.com.pl\/index.php\/wp-json\/wp\/v2\/types\/page"}],"author":[{"embeddable":true,"href":"https:\/\/przedszkole58.com.pl\/index.php\/wp-json\/wp\/v2\/users\/1"}],"replies":[{"embeddable":true,"href":"https:\/\/przedszkole58.com.pl\/index.php\/wp-json\/wp\/v2\/comments?post=195"}],"version-history":[{"count":32,"href":"https:\/\/przedszkole58.com.pl\/index.php\/wp-json\/wp\/v2\/pages\/195\/revisions"}],"predecessor-version":[{"id":1466,"href":"https:\/\/przedszkole58.com.pl\/index.php\/wp-json\/wp\/v2\/pages\/195\/revisions\/1466"}],"wp:attachment":[{"href":"https:\/\/przedszkole58.com.pl\/index.php\/wp-json\/wp\/v2\/media?parent=195"}],"curies":[{"name":"wp","href":"https:\/\/api.w.org\/{rel}","templated":true}]}}